Let x = 30 - 30. Let v be (1 + x)*9 - 3. Suppose v = -5*l + 16. Calculate the remainder when 9 is divided by l.
1
Suppose 146 = 2*v - 4*r, -2*v + 5*r = 2*r - 144. Suppose -m = k - 2*k + 23, -3*m = 2*k - 26. Calculate the remainder when v is divided by k.
12
Calculate the remainder when (373 - -1)*(5/6)/((-63)/(-189)) is divided by 118.
109
What is the remainder when (510/(-21))/((-10)/84) is divided by 38?
14
Let d(m) be the first derivative of 7*m**4 + m**3 + m**2/2 - 2*m - 134. Let j = 2 + -1. What is the remainder when 118 is divided by d(j)?
28
Suppose -f + 3*t + 37 = 0, 5*t = -2*f + f + 5. Suppose 4 = -4*s + 5*u - 116, -5*u = -5*s - 150. Let p = s + 44. What is the remainder when f is divided by p?
11
Suppose -167*b = -87*b - 105*b + 47325. What is the remainder when b is divided by 45?
3
Let b be 16*1/(-7) + 10/35. Let c(l) = -22*l**3 - 2*l**2. Let i be c(b). Suppose y + i = 8*y. Calculate the remainder when y is divided by 5.
4
Suppose -220 = -52*o + 404. Calculate the remainder when (753/9)/((-2)/(-6)) is divided by o.
11
Let n = -34 + 36. Suppose 22 = n*h - 5*l, 0*h - 33 = -3*h - l. Let k(s) = 4*s**2 - 3*s - 10. Calculate the remainder when k(-6) is divided by h.
9
Let w(c) be the first derivative of -2*c**3/3 + 6*c**2 + 49*c + 18. Calculate the remainder when 27 is divided by w(8).
10
Suppose 17*f - 4159 = -5*q + 16*f, -4*q = -2*f - 3316. Calculate the remainder when q is divided by 170.
151
Suppose 1088 = 2*f + 952. Calculate the remainder when 744 - (18 - 10)/(-4) is divided by f.
66
Let x = -23 - 11. Let z = -8 + 27. Calculate the remainder when 2*146/4*(-33 - x) is divided by z.
16
Suppose 33*n - 7652 = 12643. What is the remainder when n is divided by 237?
141
Suppose -5*p + 18 + 2 = -5*c, -5 = -5*c. Let z(s) = -3*s**2 - 47*s + 5. Calculate the remainder when z(-14) is divided by p.
0
Suppose 2*v + 96 = -0. Let u = 53 + v. Suppose -8*b + 9*b - 37 = 0. Calculate the remainder when b is divided by u.
2
Let u be (0/(-50))/(1*-1). Suppose -2*v + 5*q + 7 = 0, -v + 2 + u = -4*q. Calculate the remainder when v is divided by 4.
2
Let t = 75 + -137. Let a = 25 + t. Let z = 51 + a. Calculate the remainder when z is divided by 8.
6
Let g be (2/8 - -1)*32. Let o = -17 + g. What is the remainder when ((-3)/9)/((-1)/334) - 326/(-489) is divided by o?
20
Suppose -6*k = -147 + 27. What is the remainder when 26585/650 + 2/k is divided by 11?
8
Let g be 2/(((-6)/51)/(-1)). Suppose n = -4*j + 2*j + 3, -n - g = -3*j. Suppose -v + 14 + 57 = -3*y, -16 = j*y. What is the remainder when v is divided by 30?
29
Let z(h) = 23*h**2 + 245*h - 48. What is the remainder when 2054 is divided by z(-11)?
14
Let n(k) = 0*k**2 - 3*k + 5 - 2 + 2*k**2 + 0*k. Let j = 34 + -37. What is the remainder when 88 is divided by n(j)?
28
Let z(a) = 8*a - 2. Suppose 6 - 54 = -6*y. Suppose -6*i - 18 = -y*i. What is the remainder when z(i) is divided by 19?
13
Suppose q + 21 = 8*q. What is the remainder when 38 is divided by 772/32 + 5/(-120)*q?
14
Let j = 2574 + -1673. Suppose -4*x = -j + 205. Calculate the remainder when x is divided by 4/(561/315 + 5/(-3)).
34
Suppose 115 = l - n + 45, 5*l + 3*n = 398. What is the remainder when 359 is divided by l?
55
What is the remainder when 3 - -190 - ((-400)/425 + 2/(-34)) is divided by 35?
19
Let u = -73 + 85. Suppose -u*r = -18*r + 138. Calculate the remainder when 60 is divided by r.
14
Let f be (-165)/150*-4 + (-2)/5. Suppose 4*d - 2*o = 18, -f*d - d - o = -26. What is the remainder when 119 is divided by d?
4
Suppose 27*w = 25*w - 56*w + 3248. What is the remainder when 291 is divided by w?
11
What is the remainder when 2/(-2) + 41/(246/4608) is divided by 26?
13
Suppose -43*m + 63094 = 24258 - 22224. What is the remainder when m is divided by 42?
34
Suppose 15 + 84 = 3*w. Let c = -10994 + 11157. What is the remainder when c is divided by w?
31
Calculate the remainder when 1712/((-32)/2)*-4 is divided by 43.
41
Let i(z) = -19*z - 113. Let o(w) = -8*w - 56. Let d(s) = 3*i(s) - 7*o(s). Calculate the remainder when d(13) is divided by 25.
15
Suppose -3 = -w + 4*g - 8, 5*g = -20. What is the remainder when 88 is divided by (-800)/(-35) - 3/w?
19
Let f(b) = -b**3 + 8*b**2 + 3*b + 13. Suppose 65*p + 440 = 179*p - 130. Calculate the remainder when f(7) is divided by p.
3
Let i(t) = -4*t**3 - t**2 + 87*t + 426. Calculate the remainder when i(-5) is divided by 173.
120
Suppose -8536 = -50*s - 18*s + 24*s. What is the remainder when 785 is divided by s?
9
Let v(c) = c**3 + 4*c**2 - 17*c - 7. Let b be v(-7). Let j be 14/b - (-906)/(-10). Let k = j + 157. Calculate the remainder when k is divided by 23.
20
Suppose -8 = -4*y, 33 = -2777*z + 2778*z - y. Suppose 322 = p + 4*u - 81, 5*p + 2*u - 2087 = 0. What is the remainder when p is divided by z?
34
Let d(t) = 4*t - 2. Let v be d(-2). Let o = 29 - -40. Calculate the remainder when o is divided by -30*8*1/v.
21
Let i = -4094 + 5083. Calculate the remainder when i is divided by 30.
29
Let o = -74 - -42. What is the remainder when 241/4 + 8/o is divided by 21?
18
Suppose 82*t - 701 - 12583 = 0. What is the remainder when 372 is divided by t?
48
Suppose 3*z - 615 = -555. Suppose -2*d = -2*h + 166, 2*d - 3 = 3. Calculate the remainder when h is divided by (23*(-2)/8)/(z/(-80)).
17
Let y = -663 - -676. Calculate the remainder when y is divided by 7.
6
Let k = -21 + 42. Calculate the remainder when 1493/k + (-16)/168 is divided by 29.
13
Suppose 0 = i + 1, -4*m - 4*i - 214 - 50 = 0. What is the remainder when 59 is divided by (-2090)/m - (-12)/(-78)?
27
Let j(b) = b**2 + 15*b + 70. Let k(y) be the first derivative of -3*y**4/2 - y**2/2 + 2*y + 5. Calculate the remainder when k(-2) is divided by j(-8).
10
Let g(d) = d + 1. Let o be g(-1). Suppose 3*x - 4*p + 5*p - 25 = o, 2*x = -4*p + 30. Suppose -x*a = 70 - 315. Calculate the remainder when a is divided by 6.
5
Let d be 1/(-1) - (-5 + (2 - 0)). Let x(a) be the first derivative of 4*a**2 - 7*a + 3. What is the remainder when 26 is divided by x(d)?
8
Suppose -805*p - 22584 = -808*p. Calculate the remainder when p is divided by 251.
249
Let u(v) = -v**3 - 11*v**2 + 23*v + 33. Let o(g) = -13*g - 7. Calculate the remainder when u(-13) is divided by o(-2).
15
Let g = -42 - -94. Let v(s) = 7*s**3 - 7*s + 1. Let h be v(4). Let y = -410 + h. What is the remainder when g is divided by y?
8
Let o = -1562 - -2434. Calculate the remainder when o is divided by 147.
137
Let c(s) = 3*s. Let a be c(8). Let g = a - -91. What is the remainder when g is divided by (4576/(-80))/11*(-45)/6?
37
Let q(d) = d**3 + 12*d**2 + 12*d - 61. Calculate the remainder when 11*7 - (-2 - (-1 - 5)) is divided by q(-10).
16
What is the remainder when (-2 - 1232/(-10)) + (-6)/30 is divided by ((-3780)/(-120))/(3/2)?
16
Suppose 9*r + 8*r = 8*r + 522. What is the remainder when r is divided by 15?
13
Suppose 0 = g + 4*d - 608, -5*g + 64*d = 63*d - 2956. What is the remainder when g is divided by 23?
17
Suppose -3*o - 5*q + 389 = 0, 0 = 5*o + 15*q - 11*q - 631. What is the remainder when o is divided by 699/33 + 8/(-44)*1?
18
Let f(a) = -11*a + 13. Let b be f(5). Calculate the remainder when 64 is divided by (-60)/b*7 + -2.
0
Suppose 311 + 491 = 41*i + 64. Let g = -178 + 258. What is the remainder when g is divided by i?
8
Let s = 3224 - 3217. Calculate the remainder when 2202 is divided by s.
4
Suppose 0 = -n + u + 19, 2*n - 83 = -2*n - 3*u. What is the remainder when -15*(4 - 66/15) is divided by ((-12)/10)/((-6)/n)?
2
Calculate the remainder when 949 is divided by (-1)/((-267)/(-54) - 5).
13
Let k(m) = m**2 + 5*m - 76. Let d be k(-12). Suppose -108 = -d*a - 20. What is the remainder when a is divided by 8?
3
Let d = 80 - 78. What is the remainder when (d/10)/(-1) + 6444/20 is divided by 54?
52
Suppose -8*i = -122*j + 120*j + 84, 5*i = 4*j - 223. Let g = 169 - -68. What is the remainder when g is divided by j?
51
Let o = -16697 - -17205. What is the remainder when o is divided by 247?
14
Let p = 633 + -634. Let i = -5 - -24. Let z = i + p. Calculate the remainder when 69 is divided by z.
15
Let h(l) = -101*l + 29. Let z be h(1). Let r = z + 153. What is the remainder when r is divided by 26?
3
Let w = 64 + -43. Let y(b) = 6*b**2 + 9*b - 1. Suppose -5*a + 2*t + 2 = 27, -4*t = 0. What is 